pose 0 = -2*n + s + 9, 0*s - 3*s - 21 = -3*n. Let w be 3/(45/54 - n/(-3)). Let c be w + 9*3/1. What is the highest common divisor of c and 87?
29
Suppose -2*z - i + 286 = -533, -5*z = -3*i - 2031. Calculate the greatest common divisor of z and 459.
51
Suppose 4*k - 3*z - 616 = -1669, k = 3*z - 261. Let l = -73 - k. Suppose 0*f + 2*f - 67 = -m, -3*m - f = -l. Calculate the greatest common divisor of m and 9.
9
Suppose -118*w + 120*w - 3*v - 1 = 0, -5*v + 9 = -2*w. Suppose -4*p + 25 = 9. Calculate the highest common factor of w and p.
4
Suppose -5*o = -186 - 24. Let m be (o/(-28) + (-21)/(-4))*12. Suppose 0 = -3*x + f + 66, f = 5*x - 3*x - m. What is the greatest common factor of 168 and x?
21
Let f = -24623 - -24625. Calculate the greatest common divisor of 1576 and f.
2
Suppose -1233 = -3*g + h, -5*h + 1625 = 30*g - 26*g. Let c be (123/2)/(27/72). What is the greatest common divisor of g and c?
82
Let h(c) = 37*c**2 - 65 - 60 + 20*c - 2*c**3 - 62 + 208. Let g be h(19). Calculate the greatest common divisor of g and 20.
20
Suppose -a = -0*a - 4. Suppose 3*h + 26 = a*h. Let j = 571906 + -571904. Calculate the highest common factor of j and h.
2
Let u(q) = 5*q**2 + 7*q - 34. Let k be u(9). What is the highest common factor of 93 and k?
31
Let u(v) = 85*v + 242. Let l be u(-2). Suppose 2*w = 4, -w + 4*w + 88 = d. Suppose -h - 18 = -3*p + d, 0 = h + 4. What is the greatest common factor of p and l?
36
Suppose 0 = 5*p - 15, 24*x + 115 = 29*x + 5*p. Suppose 2*t + 16 = 62. Let k = t - x. What is the greatest common factor of 12 and k?
3
Let o(i) = i**3 - 27*i**2 - 29*i + 80. Let r be o(28). Calculate the highest common factor of 172 and r.
4
Let c be (2815/(-68))/(-5)*4 - (-4)/(-34). Calculate the greatest common divisor of 21153 and c.
33
Suppose -29*h - 655952 = -2464363. Calculate the highest common divisor of h and 11.
11
Suppose -s + 245 = 2*r, 0 = 2*s + r - 1895 + 1396. Calculate the greatest common divisor of 1 and s.
1
Suppose -2*j + 36 = 6. Suppose 2*v = 46*u - 47*u + 18, -5*u + 54 = 4*v. Calculate the highest common divisor of v and j.
3
Suppose 3*p - 1032 = -3*z, 5*p = -4*z + 5*z - 326. Let s = 386 - z. What is the highest common divisor of 27 and s?
9
Let u(c) = -15*c + 28. Let v be u(1). Suppose 19*s - 89 = -v. Let a(b) = b**3 + 6*b**2 - b + 2. Let x be a(-6). Calculate the highest common divisor of x and s.
4
Suppose 13 - 23 = 2*d. Let o be (d + 11 - 5) + 14*1. Suppose -o = 3*l, 4*l + 56 = 2*s - 0*l. Calculate the greatest common factor of s and 9.
9
Let d be 69384/294 + (2 - -4)*1. Calculate the greatest common divisor of 352 and d.
22
Let f(x) = 4*x**2 - 8*x - 80. Let l be f(-10). What is the greatest common factor of 50 and l?
50
Suppose -3*j - 3*q + 33 = 0, -2*q = 5*j - 83 + 31. Let p be 2 - (-7 + -4 + 3). What is the greatest common factor of p and j?
10
Suppose 0 = 3*h - 13 + 4. Suppose 3*k + h*b = 99 + 294, 0 = 5*k - 5*b - 695. Calculate the greatest common factor of 54 and k.
27
Suppose 2*s - 1658 = -3*d - 635, 2*d - 2574 = -5*s. Calculate the greatest common divisor of 6321 and s.
129
Let l = 69 - 143. Let i(s) = s**2 + 27*s + 120. Let z be i(-9). Let r = z - l. What is the highest common factor of 8 and r?
8
Let a be (-14951)/(-5) - (58/(-10) + 6). Suppose -22*s = -a - 1410. Calculate the greatest common divisor of s and 25.
25
Let c(f) = 2*f**2 + 156*f - 611. Let z be c(4). Calculate the highest common factor of z and 315.
45
Let z be 4/(-10) - 3724/(-10). Let s be (96/20)/(1396/43974 - (-116)/315). Calculate the highest common factor of z and s.
12
Let k(l) = 21*l**2 + 28*l + 12. Let c be k(-2). Let i(x) = 9*x**3 + x. Let g be i(1). What is the highest common divisor of g and c?
10
Let h = 87 + -91. Let l be (1 - 2)*(-466 + (0 - h)). Suppose 5*t - 214 = 3*z - 2*z, 4*t + 3*z - 156 = 0. What is the greatest common factor of t and l?
42
Let p(b) = -b**3 + 9*b**2 - 2*b + 89. Let v be p(11). Let g = v - -183. What is the highest common divisor of g and 10?
2
Suppose -107*j - 660 = -129*j. What is the greatest common factor of 10845 and j?
15
Suppose -12*f + 26983 = -39821. Calculate the greatest common factor of f and 19.
19
Let x(g) be the third derivative of 13*g**5/5 + g**4/24 - g**3/3 + 61*g**2. Let q be x(-1). Calculate the highest common divisor of 102 and q.
51
Suppose -3*p = -5*n - 2774, 195 = -p - 3*n + 1115. Suppose -40 = 4*m, 5*m + 16 - 10 = -2*v - 18. What is the highest common factor of p and v?
13
Let a = 831 + -822. Suppose 3*j = 6*j - 3*k - a, 0 = 2*k - 4. Let w be -90*(-1 - 1)/2. Calculate the highest common factor of w and j.
5
Let h(b) = -b - 6 - 8*b - 7 - 7*b - 1. Let c be h(-1). What is the greatest common divisor of 82 and c?
2
Let z be ((-48)/120)/(1/(-10)). Suppose 1 = -k, z*t + 5*k - 82 = 41. What is the highest common divisor of t and 4?
4
Suppose -20*z = -11*z + 90. Let x be z/5 - (-1 + -13). What is the highest common factor of x and 672?
12
Let g = -3 + 5. Suppose -44 = -g*j + 16. Let n(z) = -44*z + 606. Let w be n(9). Calculate the greatest common divisor of j and w.
30
Suppose -17*o - 418589 + 82973 = -49*o. What is the greatest common divisor of 920 and o?
184
Suppose 0*r + 278 = 5*a - 3*r, -3*a + 168 = -3*r. Let u be (-2)/(1*9/(-990)). Calculate the greatest common divisor of a and u.
55
Let y be (0 - -3) + 1 + -1. Suppose y*x + 0*a - 2*a = 92, -x + 39 = a. What is the greatest common factor of 323 and x?
17
Let x(f) = 139*f**2 - 14*f - 31. Let w be x(-2). Calculate the highest common divisor of 175 and w.
7
Let s(k) = k + 46. Let u be 92/(-28) - -3 - (-450)/(-42). Let c be s(u). Calculate the greatest common divisor of c and 105.
35
Suppose 3*r = 2*w - 42, 15*r = -4*w + 18*r + 66. Let y(v) = 36*v. Let s be y(3). What is the greatest common divisor of s and w?
12
Let u(p) = 54*p + 765. Let g be u(-11). Suppose -14*r - q = -19*r + 163, -5*r - 3*q = -g. Let t = -60 - -104. What is the highest common factor of t and r?
11
Let m = -13241 - -13813. Calculate the highest common divisor of m and 884.
52
Suppose 4*y = 2*h + 26, -7*h = -3*y - 6*h + 18. Suppose 33 + 2 = y*d. Let l be (-2)/d - (5 + (-848)/28). Calculate the highest common divisor of l and 20.
5
Suppose 25*l - 29*l - 392 = 0. Let d = l + 122. Let p be (120/35)/(d/21 - 1). What is the greatest common divisor of p and 18?
6
Let u = 1238 + -1218. Let p(z) = 34*z + 2. Let y be p(2). Suppose -5*h + 2*a + 40 + 25 = 0, -4*h = 2*a - y. What is the greatest common divisor of h and u?
5
Let j be (-5)/(-35) - ((-3)/2)/((-154)/(-1043900)). What is the greatest common divisor of 496 and j?
248
Let f(s) = 2*s**3 - 19*s**2 - 208*s - 51. Let j be f(19). Calculate the highest common divisor of j and 144.
24
Let a = 41 - 38. Suppose a*r - h = 6*r - 113, 20 = -5*h. What is the highest common factor of r and 351?
39
Let z = -53 - 379. Let j be (3/6)/((-6)/z). What is the greatest common divisor of 468 and j?
36
Suppose 0 = 4*m + 5*w - 1980, 210*w - 206*w - 484 = -m. What is the highest common factor of m and 1750?
250
Let l(s) = -s + 50. Let b be l(0). Let y(o) = 3*o**2 + 158*o - 318. Let f be y(2). Calculate the highest common factor of b and f.
10
Suppose 22 = c - 0*c. Suppose -138 = -2*j + 3*a, -4*j + 254 = -12*a + 17*a. What is the highest common factor of j and c?
22
Let s be ((-520)/78 - (-9 - -1))*(-1 - -7). What is the highest common divisor of 856 and s?
8
Suppose 0 = 6*z - 7930 + 1504. Calculate the highest common divisor of z and 391.
17
Suppose 0 = -2*q - 2*y + 42, 49 = -10*q + 12*q - 5*y. Suppose -142 = -5*o - q. What is the greatest common factor of o and 84?
12
Suppose 0 = -8*k + 194 - 50. Let t = -15 + k. Let p be (13/t)/(3 + 130/(-45)). Calculate the greatest common factor of p and 13.
13
Let v be ((-11424)/(-1176))/(2 - (-136)/(-70)). Suppose -2*f = -5*f + 189. Let j = 97 - f. What is the highest common divisor of j and v?
34
Let m(p) be the first derivative of 9 + p + 1/2*p**2. Let t be m(10). What is the greatest common divisor of t and 22?
11
Let q(h) = 41*h + 122. Let i be q(-2). Suppose -3704 = -i*b + 3096. What is the highest common factor of 68 and b?
34
Suppose -78*w + 21725 = -33*w - 34*w. What is the greatest common factor of w and 125?
25
Let z(k) = -18 - 27*k**2 + 75*k**2 - 35*k**2 - 23*k - k**3. Let a be z(6). What is the highe